 are the prime factors of w?
2, 23
Suppose -23*q + 26*q = k + 13137, -8758 = -2*q + 2*k. List the prime factors of q.
29, 151
Let d = -7634 + 11885. Suppose 8*v - d = -1203. What are the prime factors of v?
3, 127
Let k = -43662 + 70478. What are the prime factors of k?
2, 419
Suppose 3*z + 26 = 4*r, -z = -3*r + z + 19. Suppose 0 = -4*l + n - 697, r*l + n + 865 = -4*n. What are the prime factors of l*4/(-8) - 3?
2, 3, 7
Let z(g) = g**2 + 9*g. Let h be z(-6). Let q(m) = m**3 + 19*m**2 - 7*m - 1. List the prime factors of q(h).
449
Let g = -35 - -39. Suppose 5 = -g*r - 3. What are the prime factors of 9 + (-4 - -6)*r?
5
List the prime factors of (355 - -1)*(12 + (-1073)/(-116)).
5, 17, 89
Suppose 171*w + 1155874 = 1739577 + 1655713. What are the prime factors of w?
2, 1637
Suppose -32*b + 41*b = 7092. Suppose 5*a = -4*c + b, -2*c - 4 = a - 158. What are the prime factors of a?
2, 5
Let t(a) = -a**3 + 19*a**2. Let o be t(19). Suppose -5*s + o*s - 6 = i, -2*i = -8. What are the prime factors of (1/s - 2)/((-10)/460)?
5, 23
Suppose 5732 = 2*g - d - 884, 2*g - 3*d = 6608. What are the prime factors of g?
2, 5, 331
Let q = 7189 + -3433. List the prime factors of q.
2, 3, 313
Let c(u) be the first derivative of -27*u**2/2 + 1537*u + 171. What are the prime factors of c(0)?
29, 53
Suppose 63*t - 40026 = -68*t + 130*t. List the prime factors of t.
2, 3, 7, 953
Let f = 34371 - -52776. List the prime factors of f.
3, 23, 421
Suppose d - 3729 = 913. List the prime factors of d.
2, 11, 211
Suppose 3*d - 8 = d. Suppose d*g - 8*g = 0. Suppose g = 10*k + 56 - 1136. What are the prime factors of k?
2, 3
Let i(x) = 6*x**2 - 5*x - 25. Let u be i(4). Suppose -u - 1266 = -3*z. List the prime factors of z.
439
Let o = 11 - 6. Let f be (-2 - -146)/(5/o). Suppose -q - q = -f. List the prime factors of q.
2, 3
Let x = 12 - 20. Let h be (-138)/x + -1*1/4. Suppose h*o - 19*o + 62 = 0. What are the prime factors of o?
31
Let a = -4713 - -1578. Let q = 4738 + a. What are the prime factors of q?
7, 229
Let v be 25/(-4*(-7)/3752). Suppose 0 = -8*x + v + 5938. List the prime factors of x.
3, 43
Let z(i) = -3*i + i + 3*i + i**3 + 9*i**2 + 15*i - 10. Let u be z(-6). List the prime factors of (336/3)/4 + u.
2, 3, 5
Let x(z) = -7*z**2 + z - 476. Let r(k) = 2*k**2 - k + 1. Let n(v) = -4*r(v) - x(v). List the prime factors of n(0).
2, 59
Let h be (-48)/120 - 24954/15. What are the prime factors of 1*h/(-2)*(-4)/(-8)?
2, 13
Let k be 418*5/(20/16). Suppose -k = -108*s + 104*s. List the prime factors of s.
2, 11, 19
Suppose -9*p - 2*p + 792 = 0. Let i(a) = a**3 + 11*a**2 + 13*a - 13. Let w be i(-10). Let h = p - w. List the prime factors of h.
5, 23
Let m(c) be the second derivative of c**3/6 - 11*c**2 - 20*c. Let l be m(25). Suppose -l*b + 38 = -13. List the prime factors of b.
17
Suppose -30*o + 35*o = 135. Suppose 14 + 37 = 2*m + 5*u, 3*m + 4*u = 80. Suppose o*y + 123 = m*y. What are the prime factors of y?
3, 41
Let a(i) = -31*i - 25. Suppose s = -2*s + 12. Suppose 4*p + 3*d - 7*d + s = 0, 16 = -p - 4*d. List the prime factors of a(p).
3, 11
Let r be 46/345 - (-724)/(-30). List the prime factors of (5*r/(-20))/(26/2119).
3, 163
Let z(t) = -642*t + 67. List the prime factors of z(-13).
47, 179
Suppose -5*x + 2*g = -80, -3*g + 15 = -0. Let q(v) = 22*v - 92. List the prime factors of q(x).
2, 19
Let s(n) = -21*n - 138. Let c be s(-6). List the prime factors of (-9)/6*10576/c.
2, 661
Let z(q) = q**3 - 24*q**2 - 170*q + 310. List the prime factors of z(43).
3, 9377
Let b = -5038 + 13403. List the prime factors of b.
5, 7, 239
Let i(p) = -7*p + 294. Let g be i(42). Suppose g = -2*j + 1857 + 883. What are the prime factors of j?
2, 5, 137
Suppose 6*s = 28*s - 1914. What are the prime factors of s/11 + (-14)/(-154)?
2
Suppose -9*k = 3*k + 144. What are the prime factors of (-6)/(-5)*(-4480)/k?
2, 7
Suppose 3144 = -26*q - 1614. Suppose -2*h + 7*h - 1785 = 0. Let w = h + q. List the prime factors of w.
2, 3, 29
Let o be (-3 + 15/6)*(1 - 7). List the prime factors of 327/(-3)*(-4 + o).
109
Let b(i) = 5*i**2 - 4*i**2 - i - i - 49 + 26 + 4. Let q = -14 - -4. List the prime factors of b(q).
101
Let f(i) = i**3 - 5*i**2 + 6. Let l be f(5). Suppose -l*a - 18 = -9*a. Suppose a*r = r + 435. What are the prime factors of r?
3, 29
Let g = -204 - 19. Let p = g - -414. What are the prime factors of ((-2 + -2)/4)/((-1)/p)?
191
Let m(c) = 57*c + 4127. What are the prime factors of m(10)?
7, 11, 61
Suppose 939200 + 49369 = 189*b - 1991583. What are the prime factors of b?
2, 3, 73
Let a = -246 + 659. Suppose 1101 = 8*s + a. List the prime factors of s.
2, 43
Let i = 45 - 45. Suppose i = -3*y + v + 110, 2*y + y - 2*v - 112 = 0. What are the prime factors of 8/(-36)*1 - (-1160)/y?
2
Suppose 66*f - 2564464 = 20*f - 52*f. List the prime factors of f.
2, 3271
Suppose 18361*l = 18370*l - 13986. List the prime factors of l.
2, 3, 7, 37
Suppose 9*j - j - 128 = 0. Suppose -2089 = j*s - 8777. List the prime factors of s.
2, 11, 19
Suppose 36*m + 4*y = 41*m - 8216, -m = -5*y - 1639. List the prime factors of m.
2, 3, 137
Let y(i) = 7*i**2 - 26*i + 61. Let a be (28 + 0)/(0 + 22/11). What are the prime factors of y(a)?
1069
Suppose -32*m + 25*m + 67368 = 0. Suppose 32*g = 26*g + m. List the prime factors of g.
2, 401
Let u be (-21*(-2)/(-18))/((-1)/(-3)). List the prime factors of (42/u)/12*-1890.
3, 5, 7
Let r(z) = 6*z - 9. Suppose 2*q + i = 2*i + 37, -34 = -2*q - 2*i. Let u(a) = -a**3 + 18*a**2 + a - 14. Let g be u(q). What are the prime factors of r(g)?
3, 5
Suppose 36*b + 287912 = 162*b + 20*b. What are the prime factors of b?
2, 17, 29
What are the prime factors of (-39015768)/(-1650) + (-14)/(-175)?
2, 3, 7, 563
Let l(q) be the first derivative of 53*q**4/4 - q**3/3 - 2*q**2 + 5*q - 31. List the prime factors of l(2).
3, 139
List the prime factors of (-18)/(-30) + 304352/80.
5, 761
Suppose 2433539 - 611672 = 43*l. List the prime factors of l.
3, 29, 487
Let m(r) = -r**3 - r + 452. Let p be m(0). Let s = -1024 + 1029. Suppose 0 = w - 2, s*q - 4*w = p. What are the prime factors of q?
2, 23
Let n(r) = 85*r**3 + r**2 - 7*r + 6. Let p be n(1). Suppose 8*f = p + 131. List the prime factors of f.
3
Let y(g) = 10*g**2 + 14*g - 28. Suppose 0 = -30*n + 28*n + 16. What are the prime factors of y(n)?
2, 181
Let x = 47 + -74. Let d be 123*((-26)/(-6) - 4) + -4. Let g = x + d. List the prime factors of g.
2, 5
Let h = 90 + -54. Suppose 0 = 22*o - 52 + 8. Suppose -5*c - o*l = -218, l + h = c - 2. List the prime factors of c.
2, 3, 7
Let o = -359 - -375. List the prime factors of o/48*(-7326)/(-2).
3, 11, 37
Let m be 36/(-30)*(64/(-6) - -4). Suppose 7*p = 10*p + 3*v - 612, 0 = 2*v - m. List the prime factors of p.
2, 5
Suppose 4*y - 54 = -5*f + 56, 5*f - 3*y = 145. Let x(m) = -20 + f*m - 4 - 7 + 47*m. What are the prime factors of x(3)?
2, 47
Let i be 0 + 693 + (-138)/46. Suppose -i = -3*z - 3*k, -z + 53 + 169 = -k. List the prime factors of z.
2, 113
Suppose -452883 = -56*j + 270189. List the prime factors of j.
2, 3, 269
Let m = -205 - -440. Let b = m + 263. What are the prime factors of b?
2, 3, 83
Suppose -1481400 = -94*j + 1191678. What are the prime factors of j?
3, 9479
Let v(h) = 2*h**3 - 9*h**2 - 51*h + 475. List the prime factors of v(12).
7, 17
Let i(g) = g**2 + 11*g - 14. Let w be i(-13). Let t = 160 - 86. Let p = t - w. List the prime factors of p.
2, 31
Suppose 26 - 32 = -3*a. Suppose 4*x = -3*u + 164, 6*x - 2*x = -a*u + 112. List the prime factors of u.
2, 13
Let v(h) = -2*h**2 + 9*h + 3. Let u(f) = 3*f**2 - 9*f - 2. Let b(m) = 3*u(m) + 4*v(m). Let p be b(-11). Let c = p - 17. What are the prime factors of c?
11
Let u be 958*2/4 - (-21 + 24). Let r = u + -323. List the prime factors of r.
3, 17
Suppose -4*a + 144269 = -w, -30*a + 32*a - 72121 = -w. List the prime factors of a.
5, 7213
Let a be 1/2*(-9 + 13). Suppose m + 5*y + a = 0, 0 = 3*m + m - 2*y - 14. Suppose m*t - 4*t = -79. What are the prime factors of t?
79
List the prime factors of (-212 - 3)/((-6)/4 + 1592/1072).
5, 43, 67
Let o be (-2)/8 - (-1 + (-473)/4). Let x = -117 + o. Suppose -y + 144 + 14 = -x*n, 4*n + 168 = y. List the prime factors of y.
2, 37
Let c = 58 + 101. Let a be ((-11)/4)/((-7)/(-28)). Let q = c - a. List the prime factors of q.